actors of 92/t - 4/14?
3
Let h(x) be the third derivative of x**5/30 + x**4/24 - x**3/3 - x**2. Let z(t) = -t - 8. Let l be z(-6). List the prime factors of h(l).
2
Let k = 24 - 16. Suppose -w - 8 = -3*m, -3*w + m = -4*m + k. What are the prime factors of w?
2
What are the prime factors of (-1)/((-1497)/498 - -3)?
2, 83
Let b(a) = -a**3 - 8*a**2 - 14*a - 4. List the prime factors of b(-7).
3, 5
Suppose 0 = -4*h + 13 + 11. List the prime factors of h.
2, 3
Let z be 1*(6/(-3) - -19). Suppose z + 30 = 5*w + 2*m, 38 = 2*w - 4*m. List the prime factors of w.
11
Let f = 31 + -18. What are the prime factors of ((-16)/10)/(f/(-130))?
2
Let h = 117 + -28. What are the prime factors of h?
89
Let o(h) = 3*h**2 - 35*h - 2. What are the prime factors of o(16)?
2, 103
Let r(z) = -z**2 - 15*z - 12. Let y be r(-14). Suppose -27 = -m + 3*c - 1, 0 = -m + y*c + 30. List the prime factors of m.
2, 19
Suppose -3*r - 2*w = -3*w - 406, 3*w + 3 = 0. List the prime factors of r.
3, 5
Let m(n) = -34*n - 15. What are the prime factors of m(-7)?
223
Suppose -10*t + 1049 = 109. What are the prime factors of t?
2, 47
Suppose 0 = 4*t + 83 + 53. Let a = t - -87. Let m = -37 + a. List the prime factors of m.
2
Suppose -4*u = -4*b + 440, 4*b + 4*u - 242 = 174. Suppose -g + b = 3*g + w, 3*g + 5*w = 93. What are the prime factors of g?
2, 13
Let o be (28/8)/((-2)/(-4)). Let n = o + 16. What are the prime factors of n?
23
Suppose -4*l + 2*l = -116. Suppose l = 3*x - 17. List the prime factors of x.
5
Let r = 2 - -2. Suppose 5*s + r*u - 155 = 0, 0 = -5*s + 3*u - 2*u + 130. List the prime factors of s.
3
Let n = 31 - 12. Let l = n + -8. What are the prime factors of l?
11
Let l(o) = -o**2 + 6*o + 4. Let v be l(5). Let w(s) = -s**3 + 9*s**2. Let k be w(v). Suppose k = -4*b + b + 27. List the prime factors of b.
3
Suppose 0 = -3*p - 2 + 8. Suppose -32 = -2*t + 5*a + 7, t + p*a = 6. What are the prime factors of t?
2, 3
Suppose -1 = -2*p + 9. Suppose -w - 90 = -6*w - p*d, 30 = 2*w + 4*d. List the prime factors of w.
3, 7
Let j(b) = -b**2 - 13*b - 21. What are the prime factors of j(-9)?
3, 5
What are the prime factors of (-5 - -1) + 1260/((-36)/(-4))?
2, 17
Let p = -307 - -489. What are the prime factors of p?
2, 7, 13
What are the prime factors of 2 + (3 - -23 - 4)?
2, 3
Let p(m) = 2*m**3 + 10*m**2 - 5*m + 2. Let h(c) = -c**3 - 5*c**2 + 3*c - 1. Let w(u) = 5*h(u) + 2*p(u). What are the prime factors of w(-6)?
5
Suppose 5*x = -2*i + 318, 6*x - 467 = -3*i + x. List the prime factors of i.
149
Let z(n) = n**2 + 3*n - 4. Let a be z(-7). List the prime factors of (a/(-15))/(6/(-165)).
2, 11
Suppose -4*t + 5*v + 75 = 0, 3*t - 64 = 2*v - 6*v. List the prime factors of t.
2, 5
Let z(x) = 27*x + 1. List the prime factors of z(1).
2, 7
Suppose -66*v = -69*v + 435. List the prime factors of v.
5, 29
Let t(b) = -b**3 + 10*b**2 + 14*b - 5. What are the prime factors of t(6)?
223
Let g be 3 - 0 - (-7 + 16). Let v = g + 6. Let y(r) = r + 20. What are the prime factors of y(v)?
2, 5
Suppose 0 = -d - 5 + 3. Let z = d - -6. Suppose 51 = 5*u + m - 27, -8 = z*m. What are the prime factors of u?
2
Let j(g) = 68*g**3 + 1. List the prime factors of j(1).
3, 23
Suppose -3*m = -0*m - 12. Suppose -d - 4*d - 29 = -h, -h = -m*d - 25. What are the prime factors of h?
3
Let m(c) = c**2 + 4*c + 3. What are the prime factors of m(-6)?
3, 5
Let x(f) = 2 - 13*f + 14*f + 4. Let m be x(-6). Suppose 5*j - 4*c = 66, m*c - 5*c = 2*j. What are the prime factors of j?
2, 5
Suppose 0 = h + 48 - 299. List the prime factors of h.
251
Suppose -4*v + 179 = 5*w - 0*w, v = -5*w + 26. Suppose 64 + v = 5*u. List the prime factors of u.
23
Suppose 0 = -3*y + 4*l + 4, 5*y - 2 = -4*l - 6. Suppose 0 = 2*r - y*r + 30. What are the prime factors of (-4)/10 - 51/r?
3
Let d(l) = l**2 - 9*l + 8. Suppose -4*o = -4*k + 32, -2*k - o + 11 = 2*o. Let j be d(k). Let m = 15 + j. List the prime factors of m.
3
Suppose 0 = w - 0*w + 8. Let c = w + 14. Suppose c = 2*i - 8. List the prime factors of i.
7
Let w(t) = -5*t. Let n(j) = -11*j + 1. Let b(c) = -2*n(c) + 5*w(c). What are the prime factors of b(-6)?
2
Let w be -1*(-4)/(-8)*-4. Suppose -5*f - 37 = -w*x, 0 = -x - 4*x + 2*f + 145. List the prime factors of x.
31
Let a be 10*-2*4/8. Let n = 20 + a. List the prime factors of n.
2, 5
Suppose -6*s + 3*s = -36. What are the prime factors of s?
2, 3
Let b = -1 + 1. Let s = 11 + b. Suppose s = -2*v + 3*v. What are the prime factors of v?
11
Let m(z) = 36*z + 2. List the prime factors of m(2).
2, 37
Suppose -3*l - 2*q = -75, 0 = -2*l - 0*l - 2*q + 48. What are the prime factors of 4/(-6) - (-612)/l?
2, 11
Suppose m - k + 6 = 2, -2*k = 5*m + 6. What are the prime factors of (2 - -1 - -8) + m?
3
Let d be 2*-4*-1*4. Let v = d - 0. What are the prime factors of v?
2
Suppose -s + 250 = s + 4*b, -s - b = -128. List the prime factors of s.
131
Let r(l) = 7*l**2 - 2*l - 6. Let n(o) = -10*o**2 + 3*o + 9. Let y(x) = -5*n(x) - 7*r(x). What are the prime factors of y(-3)?
3
Let u(x) = x + 3. Suppose 3*a = -a. Let b be u(a). Suppose 8*n - b*n - 3*q = 24, 0 = -n + 3*q. List the prime factors of n.
2, 3
Let d(k) = -k - 12. Let t be d(-10). Let g = -2 - t. Let a = 3 - g. List the prime factors of a.
3
Let y(f) = f**3 + 8*f**2 + 5*f - 7. Let p be y(-7). Suppose -5*o + 3 = -p. What are the prime factors of -1 + o + (-4)/(-2)?
3
Let x = -34 + 38. What are the prime factors of x?
2
Let y be 1 + (2 - 4 - -13). Let n = y - 3. What are the prime factors of n?
3
Suppose 3*l = 5*l + 6. Let y be (-12 - (2 - 3)) + l. Let b = -5 - y. What are the prime factors of b?
3
Let u = 174 + -108. What are the prime factors of u?
2, 3, 11
Let t = -13 + 17. List the prime factors of t.
2
Let h = 19 - -10. Suppose h - 7 = 2*p. What are the prime factors of p?
11
Let y = -73 + 120. What are the prime factors of y/2 + (-3)/2?
2, 11
Let i(m) = -3*m**3 - 2*m**2 - 2. Let j be i(-2). Suppose j + 18 = 2*h - 2*g, g - 74 = -5*h. List the prime factors of h.
3, 5
What are the prime factors of (-4)/6 - 558/(-27)?
2, 5
Suppose -4*f + 45 + 39 = 0. What are the prime factors of f?
3, 7
Let f = -23 + 59. What are the prime factors of f?
2, 3
Suppose 3*n + t + 1 = 4, 3*t + 9 = 0. Suppose -n*f = f - 18. List the prime factors of f.
2, 3
Let u(q) = 1 + 0*q**2 + 2*q + 1 + q**2. Let o be u(-4). Let x = o + -6. What are the prime factors of x?
2
Suppose -18*m = -1288 + 226. What are the prime factors of m?
59
Let f = -5 - -5. Suppose f = -3*v + 2*v + 26. List the prime factors of v.
2, 13
Let u = -35 - -60. Let z = u + -13. What are the prime factors of z?
2, 3
Let r(v) = -2*v + 69. What are the prime factors of r(8)?
53
Suppose 11*y = 6*y + 70. What are the prime factors of y?
2, 7
Suppose -5*d = -8 + 3. Let a(h) = 0 + 3*h - d + 3 - 2*h. List the prime factors of a(2).
2
Suppose 0*n + 5 = 4*d + n, -2 = -3*d + n. List the prime factors of d/((-3)/(9*-8)).
2, 3
Suppose 36 = 4*l + z, -4*l - 3*z + 6*z + 20 = 0. What are the prime factors of l?
2
Let k = 17 + -1. Let n = -11 + k. List the prime factors of n.
5
Suppose -y - 1 = -3. Let m(j) = -j**3 + 2*j**2 + 2*j - 2. List the prime factors of m(y).
2
List the prime factors of (129/(-9))/(1/(-3)).
43
Let n = -32 + 21. Let j = n + 14. What are the prime factors of j?
3
Let t = -20 - -24. Suppose 5*o + 21 = -2*j, 4*j + 3*o + 3 = -4. Let b = t - j. What are the prime factors of b?
2
Let h be (-4)/(-14) - (-917)/49. Let c = h - -6. List the prime factors of c.
5
Suppose -5*c + 32 + 20 = -2*n, 5*n = 3*c - 35. What are the prime factors of c?
2, 5
Let t(g) be the second derivative of g**5/20 - 3*g**4/4 + 5*g**3/3 - 4*g**2 + g. What are the prime factors of t(8)?
2
Let u = -19 - -60. List the prime factors of u.
41
Suppose 8 = 5*x - 3*h, 0*x - 4*x = 4*h. Let r = 2 + x. Suppose 0 = -4*q - 5*p + 66, q - 5*q + 50 = -r*p. List the prime factors of q.
2, 7
Suppose 0 = -2*r - 6, -3*u + 111 = -0*u + 2*r. List the prime factors of u.
3, 13
Let c = -77 + 109. What are the prime factors of c?
2
Suppose -2*c + 2 = -2. Let d(h) = h**2 - 2 + 6*h - 4*h - 1. List the prime factors of d(c).
5
Let x be 16/12*45/3. Suppose 0 = -i + x. List the prime factors of i.
2, 5
Let p(v) = 5*v**3 - 2*v**2 + v + 2. Let q be p(-1). Let n(f) = -2*f**2 - 2*f + 1. Let x be n(-2). List the prime factors of